ppose y - 423 = v, -426 = -0*v + v - 2*y. Let m = v + 895. Suppose 4*n - m = 33. Is n a composite number?
False
Let s(x) = x**2 + 36*x + 72. Let o be s(-37). Is ((-9)/27 + (-4)/(-3))*o composite?
False
Suppose 24363 + 16780 = j + 4*t, j - 41125 = -t. Is j composite?
True
Suppose -2 - 6 = -h - 4*a, 4*h + 2*a - 18 = 0. Suppose 0 = 5*j, 3*i - 20508 = i + h*j. Let u = -6927 + i. Is u a composite number?
True
Let t be ((-5)/(50/(-348)))/((-6)/(-20)). Let n be (-6)/(-10) + 142/5. Suppose n = -o + t. Is o composite?
True
Let c be 1*-1*(-5)/((-10)/(-8)). Suppose -c*k = 4*o - 59336, 3 = -k - 0*k. Is o prime?
False
Suppose 647905 = i + 2*c, 795*i - 791*i - 2591620 = c. Is i a prime number?
False
Let j(i) = 2*i**2 - 67*i - 25. Let o be j(34). Is (-479)/(6/(o - 147)) a prime number?
False
Let m(q) = 276*q**2 + 116*q - 47. Is m(32) composite?
False
Let v be 20/(-6)*(-12)/10. Suppose 11235 = w + v*w. Let z = w + -470. Is z prime?
True
Is (-1085)/868 + (-348114)/(-8) a prime number?
False
Let w = -42875 + 95076. Is w prime?
True
Is -1464981*19/57*5*(-1)/7 composite?
True
Suppose 11*n + 9*n - 137920 = 0. Suppose -15*h + n = -13249. Is h composite?
True
Let a = -20509 + 14383. Let j = a + 21095. Is j prime?
True
Let l(v) = 19*v**2 - 7*v + 23. Let s be l(11). Suppose s = 13*d - 8*d. Is d a prime number?
True
Let q = -130 + 194. Let z = -57 + q. Suppose -c = -z*c + 804. Is c a composite number?
True
Let p(i) = 8*i + 34. Let n be p(-4). Suppose -5*w - 2786 = -7*w - n*l, 5*w - 6933 = 3*l. Is w a prime number?
False
Let u = -17 + 19. Suppose u*y = -4*j + 10, 25 + 25 = 4*y + 2*j. Suppose -2*h = -y + 5, 3*g = 2*h + 959. Is g a prime number?
False
Let d(n) = -182*n. Let r(w) = -181*w + 1. Let p(x) = -3*d(x) + 2*r(x). Let a be p(5). Suppose -a - 1464 = -2*o. Is o a composite number?
False
Suppose -d + 7*d = -10578. Let u = -1126 - d. Suppose 0 = 2*n - 2*s - 652, 0 = 2*n - 3*s - 2*s - u. Is n composite?
False
Is 6088516/10 + (-39)/(-455)*-7 composite?
False
Suppose -4*g = -3*j - 7*g + 2475, -j = 3*g - 817. Let k = 1506 - j. Suppose -3*t = -2*t - 4*o - k, 5*t - 4*o = 3353. Is t a prime number?
False
Let i = -2 + 3. Let q be (1 - 4)*(-33)/(1782/252). Is (13 - q)/(i/(-149) + 0) a prime number?
True
Suppose 3*q - 2*d - 508 = 0, 2*q + 0*q = 2*d + 342. Suppose k + q = 531. Let s = k - 208. Is s composite?
False
Suppose 0 = -11*s + 121 + 66. Let q(d) = -d**3 + 16*d**2 + 27*d + 15. Is q(s) a prime number?
False
Let n(a) = 3*a**3 - 2*a**2 - 3*a + 3. Let f be n(6). Let h = 1960 - f. Is h a prime number?
True
Let i = -46264 - -70851. Is i a composite number?
True
Suppose 0 = 22*w - 14*w - 7*w - 21. Let p(d) = -9*d + 24*d**2 - d**3 + 22*d + 34 + 3*d. Is p(w) a prime number?
True
Let c = -665 + 981. Let t = 1519 + c. Is t composite?
True
Is (-503094)/(-10) + -6 + 280/50 a composite number?
True
Suppose -2*w - 5*a + 809131 = 0, -3*a = -7*a + 20. Is w a prime number?
False
Let o = 24188 + -14488. Let x = 14261 - o. Is x composite?
False
Suppose 2*t + 2*b = 226832, 3*t - 317811 - 22416 = 4*b. Is t a composite number?
True
Let x(q) = 5*q**2 - q - 10. Let w be x(5). Let n = w - 107. Suppose -y + n*y = 2*m + 44, -y + 5*m + 6 = 0. Is y composite?
True
Let u = -406 + 411. Suppose -3*f + 44425 = 5*a, -2*f - 35821 = -u*a + 8604. Is a prime?
False
Let w be 14/(5 + -2*(-15)/(-10)). Is -7 + (18743 - 0) + w composite?
False
Suppose 0 = -261*j + 270*j - 9. Is j*6/(-5 + 11) - -15420 prime?
False
Let f(r) = r**3 + 11*r**2 - 44*r - 14. Let x be f(-14). Suppose 0 = -x*s + 2377 + 7213. Is s prime?
False
Suppose -71*q - 119*q - 6233473 + 42179003 = 0. Is q a prime number?
True
Suppose -2*p + 3 = 1, -5*a - 2*p + 12 = 0. Let l be (1/1)/(a*(-3)/(-18)). Suppose 0 = -2*c - 3*n + 373, l*c - 378 = c - 4*n. Is c a composite number?
False
Let s = 253877 - 17328. Is s prime?
True
Let h(x) = -19335*x**3 - 8*x**2 - x + 5. Is h(-3) a prime number?
True
Suppose -p = -3*y - 55486, -953*p + 5*y = -954*p + 55462. Is p a composite number?
True
Let g(p) = -73*p**2 - 14*p - 13. Let y(f) = -37*f**2 - 6*f - 6. Let u(v) = 2*g(v) - 5*y(v). Is u(-7) a prime number?
True
Let a(t) = -34*t + 309. Let v be a(9). Let b = -3 - -8. Suppose b*m = 2*f + 2247, m + v*m - 1784 = 5*f. Is m a composite number?
True
Suppose c - 116200 = -4*c + 3*s, -4*c - 4*s = -92992. Suppose -5*j + 14252 + c = 0. Is j a composite number?
False
Let d be -10 + 8 - (-2400 - 0). Suppose 2*v = -5*h + h - 1582, -d = 3*v + h. Is 16/(-4) + v/(-1) composite?
False
Suppose -2*d - d = 3. Let z(u) = -40*u - 444. Let p be z(-11). Is (-20)/p - -987 - d a prime number?
False
Let w = 122799 - 67892. Is w a prime number?
True
Suppose 4*d + 42358 = -w - 13395, 2*w - d + 111470 = 0. Let y be w/55 + 2/5. Let s = y + 1758. Is s composite?
True
Suppose 194 = 2*z + 2*f - 566, 2*z - 780 = 3*f. Let c = -179 + z. Is c composite?
True
Let t(v) = v**2 + 20*v + 148241. Is t(0) a prime number?
False
Suppose -46*m + 46675636 = 178*m - 28*m. Is m a prime number?
True
Let d be 0/(((-6)/(-6))/(-1)). Suppose d = -366*x + 361*x + 10265. Is x composite?
False
Let q = 85259 + -57766. Is q composite?
True
Suppose -154485 = 7*d - 22*d. Suppose 17*q - 3*c = 20*q - 7728, 4*q + 5*c - d = 0. Is q composite?
True
Let j(x) be the second derivative of -614*x**3/3 - 71*x**2/2 + 65*x. Is j(-3) composite?
False
Let t = -453719 - -653806. Is t composite?
False
Let n(o) = 1448*o**2 - o + 153. Is n(22) a composite number?
False
Let n = -11148 + 18600. Suppose 14*z = 16810 + n. Is z composite?
False
Let z(o) = 21*o**3 + 51*o**2 + 3*o + 1. Is z(12) a composite number?
False
Let i be (2 - 0)/(-1) + (-2 - -3). Let y be i/((-2)/(-3)*(-12)/(-6192)). Let d = y - -1387. Is d prime?
True
Let v be 914/4 + (-65)/10 + 6. Is v/30 + -7 - 1484/(-10) composite?
False
Let g be 4/18 + 738696/108 + -1. Let h = g + -1408. Is h a composite number?
False
Suppose -4*a + 3*w + 222923 = 0, 5*a + 4*w = -161133 + 439810. Is a prime?
True
Suppose -53*n + 6738700 = 72*n - 25*n. Is n a prime number?
False
Let c be (199/10 - 9/(-90))/2. Let x(k) = 4*k**3 - 24*k**2 + 12*k + 13. Is x(c) prime?
True
Let c(h) = h**2 + 1 + 1401*h**3 - 3*h + 2*h - 401*h**3 + 596*h**3. Is c(1) composite?
False
Suppose 3 = 3*l, -19*k + 17*k - 5*l = -533. Suppose k*o = 260*o + 132. Is o a composite number?
True
Suppose -j + 2*a + 110 = -5*j, 3*a - 105 = 4*j. Let s = j - -30. Suppose 2 = -n, 0 = 2*m + s*m + 4*n - 257. Is m a composite number?
False
Suppose -696965 = 447*z - 452*z. Is z composite?
False
Let n(p) be the first derivative of 13*p**2 - 98*p - 13. Let d be n(31). Let g = d + -299. Is g a prime number?
True
Let o = -260 + 3956. Let y be 608094/9072*24 - (-1 + 5/7). Suppose 5*j = y + o. Is j composite?
False
Let u = -6 - -11. Suppose u*r + 27 = 4*l, -r - r = 2*l. Is 3 + 292 - (0 + r) - 3 a composite number?
True
Let u = 230726 - 28305. Is u prime?
False
Is (-14)/7*(-239821)/46 a composite number?
False
Let z(y) = 66*y**2 - 4*y + 1. Let c = -344 + 352. Is z(c) composite?
True
Let v(y) = y**2 + 22*y + 23. Let j be v(-21). Suppose j*a = -5*a + 17059. Is a a prime number?
True
Let l be 1*34 + (-8)/(-56)*35. Suppose -l*z - 559 = -52*z. Is z composite?
False
Let f = 636 + 863. Let g = 7958 - f. Is g a prime number?
False
Suppose -11*t - i = -10*t + 2019, 6056 = -3*t - 2*i. Let h = t + 3021. Is h a prime number?
False
Let o(x) = 415*x**2 - 10*x + 102. Is o(11) a prime number?
True
Let o = 209123 - -911180. Is o a composite number?
False
Let w = 368414 - 150795. Is w a composite number?
False
Suppose 0 = -77*g + 196*g - 819778 - 31067343. Is g prime?
True
Let k = -383 + 4684. Let z = 12678 - k. Is z a composite number?
False
Let u = 1480 - 418. Suppose x - 4*s - 8009 = 0, -u - 39037 = -5*x + 2*s. Is x composite?
True
Let y(u) = 10287*u**2 + 4*u + 7. Is y(2) composite?
True
Let c be (-1 - 9)/(2 + -4). Suppose -3*n + 3 = 0, 11 = c*p + n - 5*n. Suppose k = p*k - 106. Is k a composite number?
False
Suppose 5*f + 5*j = 685, 16*f - 4*j - 667 = 11*f. Suppose 5*x - 1082 = 2*q - 75, q = x - 505. Let r = f - q. Is r prime?
True
Suppose -w = 3*t + 5, -4*t = 3*w + 1 + 4. Let b(f) = 16170*f**2 - 12*f + 1. Is b(t) a composite number?
True
Is 6947 + 112/(-18) + (-76)/(-342) a prime number?
False
Let u be 4725/30*64/5. Let g = u + -379. Is g prime?
True
Let j(f) = 4*f**3 + 2*